[INFO] cloning repository https://github.com/Chris--B/itsy-bitsy-dxr
[INFO] running `Command { std: "git" "-c" "credential.helper=" "-c" "credential.helper=/workspace/cargo-home/bin/git-credential-null" "clone" "--bare" "https://github.com/Chris--B/itsy-bitsy-dxr" "/workspace/cache/git-repos/https%3A%2F%2Fgithub.com%2FChris--B%2Fitsy-bitsy-dxr", kill_on_drop: false }`
[INFO] [stderr] Cloning into bare repository '/workspace/cache/git-repos/https%3A%2F%2Fgithub.com%2FChris--B%2Fitsy-bitsy-dxr'...
[INFO] running `Command { std: "git" "rev-parse" "HEAD", kill_on_drop: false }`
[INFO] [stdout] 82431e72524b31da5556ed2c71ef6d9ab4cfe319
[INFO] checking Chris--B/itsy-bitsy-dxr against master#af3c6e733a40e671550e0f0f5aeecaa13772ba56 for pr-74989
[INFO] running `Command { std: "git" "clone" "/workspace/cache/git-repos/https%3A%2F%2Fgithub.com%2FChris--B%2Fitsy-bitsy-dxr" "/workspace/builds/worker-9/source", kill_on_drop: false }`
[INFO] [stderr] Cloning into '/workspace/builds/worker-9/source'...
[INFO] [stderr] done.
[INFO] validating manifest of git repo https://github.com/Chris--B/itsy-bitsy-dxr on toolchain af3c6e733a40e671550e0f0f5aeecaa13772ba56
[INFO] running `Command { std: "/workspace/cargo-home/bin/cargo" "+af3c6e733a40e671550e0f0f5aeecaa13772ba56" "read-manifest" "--manifest-path" "Cargo.toml", kill_on_drop: false }`
[INFO] started tweaking git repo https://github.com/Chris--B/itsy-bitsy-dxr
[INFO] finished tweaking git repo https://github.com/Chris--B/itsy-bitsy-dxr
[INFO] tweaked toml for git repo https://github.com/Chris--B/itsy-bitsy-dxr written to /workspace/builds/worker-9/source/Cargo.toml
[INFO] crate git repo https://github.com/Chris--B/itsy-bitsy-dxr already has a lockfile, it will not be regenerated
[INFO] running `Command { std: "/workspace/cargo-home/bin/cargo" "+af3c6e733a40e671550e0f0f5aeecaa13772ba56" "fetch" "--locked" "--manifest-path" "Cargo.toml", kill_on_drop: false }`
[INFO] [stderr]     Blocking waiting for file lock on package cache
[INFO] running `Command { std: "docker" "create" "-v" "/var/lib/crater-agent-workspace/builds/worker-9/target:/opt/rustwide/target:rw,Z" "-v" "/var/lib/crater-agent-workspace/builds/worker-9/source:/opt/rustwide/workdir:ro,Z" "-v" "/var/lib/crater-agent-workspace/cargo-home:/opt/rustwide/cargo-home:ro,Z" "-v" "/var/lib/crater-agent-workspace/rustup-home:/opt/rustwide/rustup-home:ro,Z" "-e" "SOURCE_DIR=/opt/rustwide/workdir" "-e" "CARGO_TARGET_DIR=/opt/rustwide/target" "-e" "CARGO_HOME=/opt/rustwide/cargo-home" "-e" "RUSTUP_HOME=/opt/rustwide/rustup-home" "-w" "/opt/rustwide/workdir" "-m" "1610612736" "--user" "0:0" "--network" "none" "rustops/crates-build-env@sha256:d92eaeed33fa75130ca1ee6c8a01d1ffb62bac859dfdfb3450e3e5d1c0146529" "/opt/rustwide/cargo-home/bin/cargo" "+af3c6e733a40e671550e0f0f5aeecaa13772ba56" "metadata" "--no-deps" "--format-version=1", kill_on_drop: false }`
[INFO] [stdout] 09370d91749940590c974f24cd33e3692871475e72a2869102956027373c8578
[INFO] [stderr] WARNING: Your kernel does not support swap limit capabilities or the cgroup is not mounted. Memory limited without swap.
[INFO] running `Command { std: "docker" "start" "-a" "09370d91749940590c974f24cd33e3692871475e72a2869102956027373c8578", kill_on_drop: false }`
[INFO] running `Command { std: "docker" "inspect" "09370d91749940590c974f24cd33e3692871475e72a2869102956027373c8578", kill_on_drop: false }`
[INFO] running `Command { std: "docker" "rm" "-f" "09370d91749940590c974f24cd33e3692871475e72a2869102956027373c8578", kill_on_drop: false }`
[INFO] [stdout] 09370d91749940590c974f24cd33e3692871475e72a2869102956027373c8578
[INFO] running `Command { std: "docker" "create" "-v" "/var/lib/crater-agent-workspace/builds/worker-9/target:/opt/rustwide/target:rw,Z" "-v" "/var/lib/crater-agent-workspace/builds/worker-9/source:/opt/rustwide/workdir:ro,Z" "-v" "/var/lib/crater-agent-workspace/cargo-home:/opt/rustwide/cargo-home:ro,Z" "-v" "/var/lib/crater-agent-workspace/rustup-home:/opt/rustwide/rustup-home:ro,Z" "-e" "SOURCE_DIR=/opt/rustwide/workdir" "-e" "CARGO_TARGET_DIR=/opt/rustwide/target" "-e" "CARGO_INCREMENTAL=0" "-e" "RUST_BACKTRACE=full" "-e" "RUSTFLAGS=--cap-lints=forbid" "-e" "CARGO_HOME=/opt/rustwide/cargo-home" "-e" "RUSTUP_HOME=/opt/rustwide/rustup-home" "-w" "/opt/rustwide/workdir" "-m" "1610612736" "--user" "0:0" "--network" "none" "rustops/crates-build-env@sha256:d92eaeed33fa75130ca1ee6c8a01d1ffb62bac859dfdfb3450e3e5d1c0146529" "/opt/rustwide/cargo-home/bin/cargo" "+af3c6e733a40e671550e0f0f5aeecaa13772ba56" "check" "--frozen" "--all" "--all-targets" "--message-format=json", kill_on_drop: false }`
[INFO] [stdout] 69f2cabb3e065ef92e744e18fa31123aceb6c1a7aff116a5d6befc6512372d69
[INFO] [stderr] WARNING: Your kernel does not support swap limit capabilities or the cgroup is not mounted. Memory limited without swap.
[INFO] running `Command { std: "docker" "start" "-a" "69f2cabb3e065ef92e744e18fa31123aceb6c1a7aff116a5d6befc6512372d69", kill_on_drop: false }`
[INFO] [stderr]     Blocking waiting for file lock on package cache
[INFO] [stderr]    Compiling libc v0.2.71
[INFO] [stderr]     Checking cfg-if v0.1.10
[INFO] [stderr]    Compiling bitflags v1.2.1
[INFO] [stderr]    Compiling proc-macro2 v0.4.30
[INFO] [stderr]    Compiling autocfg v1.0.0
[INFO] [stderr]    Compiling unicode-xid v0.1.0
[INFO] [stderr]    Compiling proc-macro2 v1.0.18
[INFO] [stderr]    Compiling libloading v0.6.2
[INFO] [stderr]    Compiling log v0.4.8
[INFO] [stderr]    Compiling byteorder v1.3.4
[INFO] [stderr]     Checking lazy_static v1.4.0
[INFO] [stderr]    Compiling version_check v0.9.2
[INFO] [stderr]     Checking slab v0.4.2
[INFO] [stderr]    Compiling syn v1.0.33
[INFO] [stderr]     Checking lazycell v1.2.1
[INFO] [stderr]     Checking same-file v1.0.6
[INFO] [stderr]    Compiling pkg-config v0.3.17
[INFO] [stderr]    Compiling maybe-uninit v2.0.0
[INFO] [stderr]     Checking smallvec v1.4.0
[INFO] [stderr]     Checking scopeguard v1.1.0
[INFO] [stderr]     Checking xdg v2.2.0
[INFO] [stderr]     Checking xml-rs v0.8.3
[INFO] [stderr]     Checking unicode-width v0.1.8
[INFO] [stderr]    Compiling winapi v0.3.9
[INFO] [stderr]     Checking vec_map v0.8.2
[INFO] [stderr]     Checking ansi_term v0.11.0
[INFO] [stderr]     Checking strsim v0.8.0
[INFO] [stderr]     Checking percent-encoding v2.1.0
[INFO] [stderr]     Checking instant v0.1.5
[INFO] [stderr]     Checking walkdir v2.3.1
[INFO] [stderr]     Checking lock_api v0.3.4
[INFO] [stderr]     Checking textwrap v0.11.0
[INFO] [stderr]     Checking dlib v0.4.2
[INFO] [stderr]    Compiling proc-macro-error-attr v1.0.3
[INFO] [stderr]    Compiling proc-macro-error v1.0.3
[INFO] [stderr]    Compiling num-traits v0.2.12
[INFO] [stderr]     Checking wayland-sys v0.23.6
[INFO] [stderr]     Checking stb_truetype v0.3.1
[INFO] [stderr]    Compiling x11-dl v2.18.5
[INFO] [stderr]     Checking d3d12 v0.3.0
[INFO] [stdout] error[E0432]: unresolved import `winapi::shared`
[INFO] [stdout]  --> /opt/rustwide/cargo-home/registry/src/github.com-1ecc6299db9ec823/d3d12-0.3.0/src/lib.rs:6:13
[INFO] [stdout]   |
[INFO] [stdout] 6 | use winapi::shared::dxgiformat;
[INFO] [stdout]   |             ^^^^^^ could not find `shared` in `winapi`
[INFO] [stdout] 
[INFO] [stdout] 
[INFO] [stdout] error[E0432]: unresolved import `winapi::um`
[INFO] [stdout]  --> /opt/rustwide/cargo-home/registry/src/github.com-1ecc6299db9ec823/d3d12-0.3.0/src/lib.rs:7:13
[INFO] [stdout]   |
[INFO] [stdout] 7 | use winapi::um::{d3d12, d3dcommon};
[INFO] [stdout]   |             ^^ could not find `um` in `winapi`
[INFO] [stdout] 
[INFO] [stdout] 
[INFO] [stdout] error[E0433]: failed to resolve: could not find `um` in `winapi`
[INFO] [stdout]  --> /opt/rustwide/cargo-home/registry/src/github.com-1ecc6299db9ec823/d3d12-0.3.0/src/com.rs:6:13
[INFO] [stdout]   |
[INFO] [stdout] 6 | use winapi::um::unknwnbase::IUnknown;
[INFO] [stdout]   |             ^^ could not find `um` in `winapi`
[INFO] [stdout] 
[INFO] [stdout] 
[INFO] [stdout] error[E0432]: unresolved import `winapi::ctypes`
[INFO] [stdout]  --> /opt/rustwide/cargo-home/registry/src/github.com-1ecc6299db9ec823/d3d12-0.3.0/src/com.rs:5:13
[INFO] [stdout]   |
[INFO] [stdout] 5 | use winapi::ctypes::c_void;
[INFO] [stdout]   |             ^^^^^^ could not find `ctypes` in `winapi`
[INFO] [stdout] 
[INFO] [stdout] 
[INFO] [stdout] error[E0432]: unresolved import `winapi::Interface`
[INFO] [stdout]  --> /opt/rustwide/cargo-home/registry/src/github.com-1ecc6299db9ec823/d3d12-0.3.0/src/com.rs:7:5
[INFO] [stdout]   |
[INFO] [stdout] 7 | use winapi::Interface;
[INFO] [stdout]   |     ^^^^^^^^^^^^^^^^^ no `Interface` in the root
[INFO] [stdout] 
[INFO] [stdout] 
[INFO] [stdout] error[E0432]: unresolved import `winapi::um`
[INFO] [stdout]  --> /opt/rustwide/cargo-home/registry/src/github.com-1ecc6299db9ec823/d3d12-0.3.0/src/command_allocator.rs:4:13
[INFO] [stdout]   |
[INFO] [stdout] 4 | use winapi::um::d3d12;
[INFO] [stdout]   |             ^^ could not find `um` in `winapi`
[INFO] [stdout] 
[INFO] [stdout] 
[INFO] [stdout] error[E0432]: unresolved import `winapi::um`
[INFO] [stdout]  --> /opt/rustwide/cargo-home/registry/src/github.com-1ecc6299db9ec823/d3d12-0.3.0/src/command_list.rs:6:13
[INFO] [stdout]   |
[INFO] [stdout] 6 | use winapi::um::d3d12;
[INFO] [stdout]   |             ^^ could not find `um` in `winapi`
[INFO] [stdout] 
[INFO] [stdout] 
[INFO] [stdout] error[E0432]: unresolved import `winapi::Interface`
[INFO] [stdout]  --> /opt/rustwide/cargo-home/registry/src/github.com-1ecc6299db9ec823/d3d12-0.3.0/src/debug.rs:3:5
[INFO] [stdout]   |
[INFO] [stdout] 3 | use winapi::Interface as _;
[INFO] [stdout]   |     ^^^^^^^^^^^^^^^^^^^^^^ no `Interface` in the root
[INFO] [stdout] 
[INFO] [stdout] 
[INFO] [stdout] error[E0432]: unresolved import `winapi::um`
[INFO] [stdout]  --> /opt/rustwide/cargo-home/registry/src/github.com-1ecc6299db9ec823/d3d12-0.3.0/src/debug.rs:4:13
[INFO] [stdout]   |
[INFO] [stdout] 4 | use winapi::um::d3d12sdklayers;
[INFO] [stdout]   |             ^^ could not find `um` in `winapi`
[INFO] [stdout] 
[INFO] [stdout] 
[INFO] [stdout] error[E0432]: unresolved import `winapi::shared`
[INFO] [stdout]  --> /opt/rustwide/cargo-home/registry/src/github.com-1ecc6299db9ec823/d3d12-0.3.0/src/descriptor.rs:4:13
[INFO] [stdout]   |
[INFO] [stdout] 4 | use winapi::shared::dxgiformat;
[INFO] [stdout]   |             ^^^^^^ could not find `shared` in `winapi`
[INFO] [stdout] 
[INFO] [stdout] 
[INFO] [stdout] error[E0432]: unresolved import `winapi::um`
[INFO] [stdout]  --> /opt/rustwide/cargo-home/registry/src/github.com-1ecc6299db9ec823/d3d12-0.3.0/src/descriptor.rs:5:13
[INFO] [stdout]   |
[INFO] [stdout] 5 | use winapi::um::d3d12;
[INFO] [stdout]   |             ^^ could not find `um` in `winapi`
[INFO] [stdout] 
[INFO] [stdout] 
[INFO] [stdout] error[E0432]: unresolved import `winapi::um`
[INFO] [stdout]  --> /opt/rustwide/cargo-home/registry/src/github.com-1ecc6299db9ec823/d3d12-0.3.0/src/device.rs:8:13
[INFO] [stdout]   |
[INFO] [stdout] 8 | use winapi::um::d3d12;
[INFO] [stdout]   |             ^^ could not find `um` in `winapi`
[INFO] [stdout] 
[INFO] [stdout] 
[INFO] [stdout] error[E0433]: failed to resolve: could not find `shared` in `winapi`
[INFO] [stdout]  --> /opt/rustwide/cargo-home/registry/src/github.com-1ecc6299db9ec823/d3d12-0.3.0/src/dxgi.rs:3:13
[INFO] [stdout]   |
[INFO] [stdout] 3 | use winapi::shared::windef::HWND;
[INFO] [stdout]   |             ^^^^^^ could not find `shared` in `winapi`
[INFO] [stdout] 
[INFO] [stdout] 
[INFO] [stdout] error[E0432]: unresolved import `winapi::Interface`
[INFO] [stdout]  --> /opt/rustwide/cargo-home/registry/src/github.com-1ecc6299db9ec823/d3d12-0.3.0/src/device.rs:9:5
[INFO] [stdout]   |
[INFO] [stdout] 9 | use winapi::Interface;
[INFO] [stdout]   |     ^^^^^^^^^^^^^^^^^ no `Interface` in the root
[INFO] [stdout] 
[INFO] [stdout] 
[INFO] [stdout] error[E0432]: unresolved import `winapi::shared`
[INFO] [stdout]  --> /opt/rustwide/cargo-home/registry/src/github.com-1ecc6299db9ec823/d3d12-0.3.0/src/dxgi.rs:4:13
[INFO] [stdout]   |
[INFO] [stdout] 4 | use winapi::shared::{dxgi, dxgi1_2, dxgi1_3, dxgi1_4, dxgiformat, dxgitype};
[INFO] [stdout]   |             ^^^^^^ could not find `shared` in `winapi`
[INFO] [stdout] 
[INFO] [stdout] 
[INFO] [stdout] error[E0432]: unresolved import `winapi::um`
[INFO] [stdout]  --> /opt/rustwide/cargo-home/registry/src/github.com-1ecc6299db9ec823/d3d12-0.3.0/src/dxgi.rs:5:13
[INFO] [stdout]   |
[INFO] [stdout] 5 | use winapi::um::{dxgidebug, d3d12};
[INFO] [stdout]   |             ^^ could not find `um` in `winapi`
[INFO] [stdout] 
[INFO] [stdout] 
[INFO] [stdout] error[E0432]: unresolved import `winapi::Interface`
[INFO] [stdout]  --> /opt/rustwide/cargo-home/registry/src/github.com-1ecc6299db9ec823/d3d12-0.3.0/src/dxgi.rs:6:5
[INFO] [stdout]   |
[INFO] [stdout] 6 | use winapi::Interface;
[INFO] [stdout]   |     ^^^^^^^^^^^^^^^^^ no `Interface` in the root
[INFO] [stdout] 
[INFO] [stdout] 
[INFO] [stdout] error[E0432]: unresolved import `winapi::um`
[INFO] [stdout]  --> /opt/rustwide/cargo-home/registry/src/github.com-1ecc6299db9ec823/d3d12-0.3.0/src/heap.rs:2:13
[INFO] [stdout]   |
[INFO] [stdout] 2 | use winapi::um::d3d12;
[INFO] [stdout]   |             ^^ could not find `um` in `winapi`
[INFO] [stdout] 
[INFO] [stdout] 
[INFO] [stdout] error[E0432]: unresolved import `winapi::um`
[INFO] [stdout]  --> /opt/rustwide/cargo-home/registry/src/github.com-1ecc6299db9ec823/d3d12-0.3.0/src/pso.rs:6:13
[INFO] [stdout]   |
[INFO] [stdout] 6 | use winapi::um::{d3d12, d3dcompiler};
[INFO] [stdout]   |             ^^ could not find `um` in `winapi`
[INFO] [stdout] 
[INFO] [stdout] 
[INFO] [stdout] error[E0432]: unresolved import `winapi::um`
[INFO] [stdout]  --> /opt/rustwide/cargo-home/registry/src/github.com-1ecc6299db9ec823/d3d12-0.3.0/src/query.rs:2:13
[INFO] [stdout]   |
[INFO] [stdout] 2 | use winapi::um::d3d12;
[INFO] [stdout]   |             ^^ could not find `um` in `winapi`
[INFO] [stdout] 
[INFO] [stdout] 
[INFO] [stdout] error[E0432]: unresolved import `winapi::um`
[INFO] [stdout]  --> /opt/rustwide/cargo-home/registry/src/github.com-1ecc6299db9ec823/d3d12-0.3.0/src/queue.rs:4:13
[INFO] [stdout]   |
[INFO] [stdout] 4 | use winapi::um::d3d12;
[INFO] [stdout]   |             ^^ could not find `um` in `winapi`
[INFO] [stdout] 
[INFO] [stdout] 
[INFO] [stdout] error[E0432]: unresolved import `winapi::um`
[INFO] [stdout]  --> /opt/rustwide/cargo-home/registry/src/github.com-1ecc6299db9ec823/d3d12-0.3.0/src/resource.rs:6:13
[INFO] [stdout]   |
[INFO] [stdout] 6 | use winapi::um::d3d12;
[INFO] [stdout]   |             ^^ could not find `um` in `winapi`
[INFO] [stdout] 
[INFO] [stdout] 
[INFO] [stdout] error[E0432]: unresolved import `winapi::um`
[INFO] [stdout]  --> /opt/rustwide/cargo-home/registry/src/github.com-1ecc6299db9ec823/d3d12-0.3.0/src/sync.rs:3:13
[INFO] [stdout]   |
[INFO] [stdout] 3 | use winapi::um::d3d12;
[INFO] [stdout]   |             ^^ could not find `um` in `winapi`
[INFO] [stdout] 
[INFO] [stdout] 
[INFO] [stdout] error[E0433]: failed to resolve: could not find `shared` in `winapi`
[INFO] [stdout]   --> /opt/rustwide/cargo-home/registry/src/github.com-1ecc6299db9ec823/d3d12-0.3.0/src/lib.rs:37:17
[INFO] [stdout]    |
[INFO] [stdout] 37 | pub use winapi::shared::winerror::HRESULT;
[INFO] [stdout]    |                 ^^^^^^ could not find `shared` in `winapi`
[INFO] [stdout] 
[INFO] [stdout] 
[INFO] [stdout] error[E0432]: unresolved import `winapi::um`
[INFO] [stdout]  --> /opt/rustwide/cargo-home/registry/src/github.com-1ecc6299db9ec823/d3d12-0.3.0/src/sync.rs:4:13
[INFO] [stdout]   |
[INFO] [stdout] 4 | use winapi::um::{synchapi, winnt};
[INFO] [stdout]   |             ^^ could not find `um` in `winapi`
[INFO] [stdout] 
[INFO] [stdout] 
[INFO] [stdout] error[E0432]: unresolved import `HRESULT`
[INFO] [stdout]   --> /opt/rustwide/cargo-home/registry/src/github.com-1ecc6299db9ec823/d3d12-0.3.0/src/command_list.rs:10:21
[INFO] [stdout]    |
[INFO] [stdout] 10 |     WorkGroupCount, HRESULT,
[INFO] [stdout]    |                     ^^^^^^^ no `HRESULT` in the root
[INFO] [stdout] 
[INFO] [stdout] 
[INFO] [stdout] error[E0432]: unresolved import `HRESULT`
[INFO] [stdout]  --> /opt/rustwide/cargo-home/registry/src/github.com-1ecc6299db9ec823/d3d12-0.3.0/src/dxgi.rs:7:53
[INFO] [stdout]   |
[INFO] [stdout] 7 | use {CommandQueue, D3DResult, Resource, SampleDesc, HRESULT};
[INFO] [stdout]   |                                                     ^^^^^^^ no `HRESULT` in the root
[INFO] [stdout] 
[INFO] [stdout] 
[INFO] [stdout] error[E0432]: unresolved import `HRESULT`
[INFO] [stdout]  --> /opt/rustwide/cargo-home/registry/src/github.com-1ecc6299db9ec823/d3d12-0.3.0/src/queue.rs:5:5
[INFO] [stdout]   |
[INFO] [stdout] 5 | use HRESULT;
[INFO] [stdout]   |     ^^^^^^^ no `HRESULT` in the root
[INFO] [stdout] 
[INFO] [stdout] 
[INFO] [stdout] error[E0432]: unresolved import `HRESULT`
[INFO] [stdout]  --> /opt/rustwide/cargo-home/registry/src/github.com-1ecc6299db9ec823/d3d12-0.3.0/src/sync.rs:5:5
[INFO] [stdout]   |
[INFO] [stdout] 5 | use HRESULT;
[INFO] [stdout]   |     ^^^^^^^ no `HRESULT` in the root
[INFO] [stdout] 
[INFO] [stdout] 
[INFO] [stdout] error[E0433]: failed to resolve: could not find `um` in `winapi`
[INFO] [stdout]   --> /opt/rustwide/cargo-home/registry/src/github.com-1ecc6299db9ec823/d3d12-0.3.0/src/debug.rs:34:21
[INFO] [stdout]    |
[INFO] [stdout] 34 |             winapi::um::d3d12::D3D12GetDebugInterface(
[INFO] [stdout]    |                     ^^ could not find `um` in `winapi`
[INFO] [stdout] 
[INFO] [stdout] 
[INFO] [stdout] error[E0412]: cannot find type `IUnknown` in this scope
[INFO] [stdout]   --> /opt/rustwide/cargo-home/registry/src/github.com-1ecc6299db9ec823/d3d12-0.3.0/src/com.rs:40:41
[INFO] [stdout]    |
[INFO] [stdout] 40 |     pub unsafe fn as_unknown(&self) -> &IUnknown {
[INFO] [stdout]    |                                         ^^^^^^^^ not found in this scope
[INFO] [stdout] 
[INFO] [stdout] 
[INFO] [stdout] error[E0412]: cannot find type `IUnknown` in this scope
[INFO] [stdout]   --> /opt/rustwide/cargo-home/registry/src/github.com-1ecc6299db9ec823/d3d12-0.3.0/src/com.rs:42:27
[INFO] [stdout]    |
[INFO] [stdout] 42 |         &*(self.0 as *mut IUnknown)
[INFO] [stdout]    |                           ^^^^^^^^ not found in this scope
[INFO] [stdout] 
[INFO] [stdout] 
[INFO] [stdout] error[E0412]: cannot find type `HWND` in this scope
[INFO] [stdout]    --> /opt/rustwide/cargo-home/registry/src/github.com-1ecc6299db9ec823/d3d12-0.3.0/src/dxgi.rs:127:15
[INFO] [stdout]     |
[INFO] [stdout] 127 |         hwnd: HWND,
[INFO] [stdout]     |               ^^^^ not found in this scope
[INFO] [stdout] 
[INFO] [stdout] 
[INFO] [stdout] error[E0412]: cannot find type `HRESULT` in this scope
[INFO] [stdout]   --> /opt/rustwide/cargo-home/registry/src/github.com-1ecc6299db9ec823/d3d12-0.3.0/src/lib.rs:39:29
[INFO] [stdout]    |
[INFO] [stdout] 39 | pub type D3DResult<T> = (T, HRESULT);
[INFO] [stdout]    |                             ^^^^^^^ not found in this scope
[INFO] [stdout] 
[INFO] [stdout] 
[INFO] [stderr]    Compiling quote v0.6.13
[INFO] [stdout] error: aborting due to 34 previous errors
[INFO] [stdout] 
[INFO] [stdout] 
[INFO] [stdout] Some errors have detailed explanations: E0412, E0432, E0433.
[INFO] [stdout] 
[INFO] [stdout] For more information about an error, try `rustc --explain E0412`.
[INFO] [stdout] 
[INFO] [stderr] error: could not compile `d3d12`.
[INFO] [stderr] 
[INFO] [stderr] To learn more, run the command again with --verbose.
[INFO] [stderr] warning: build failed, waiting for other jobs to finish...
[INFO] [stderr] error: build failed
[INFO] running `Command { std: "docker" "inspect" "69f2cabb3e065ef92e744e18fa31123aceb6c1a7aff116a5d6befc6512372d69", kill_on_drop: false }`
[INFO] running `Command { std: "docker" "rm" "-f" "69f2cabb3e065ef92e744e18fa31123aceb6c1a7aff116a5d6befc6512372d69", kill_on_drop: false }`
[INFO] [stdout] 69f2cabb3e065ef92e744e18fa31123aceb6c1a7aff116a5d6befc6512372d69
